{"id":29,"date":"2017-02-11T15:01:46","date_gmt":"2017-02-11T14:01:46","guid":{"rendered":"http:\/\/www.stavbyfrolda.cz\/?page_id=29"},"modified":"2017-06-16T11:43:51","modified_gmt":"2017-06-16T09:43:51","slug":"o-firme","status":"publish","type":"page","link":"https:\/\/www.stavbyfrolda.cz\/?page_id=29","title":{"rendered":"O firm\u011b"},"content":{"rendered":"<h5 style=\"text-align: left;\"><span style=\"color: #808080;\">Na\u0161e firma byla zalo\u017eena v roce 2006. Loni oslavila 10 let na trhu v oboru stavebnictv\u00ed. Na\u0161\u00edm c\u00edlem je p\u0159edev\u0161\u00edm spokojen\u00fd z\u00e1kazn\u00edk. Od prvotn\u00edho jedn\u00e1n\u00ed a\u017e po p\u0159ed\u00e1n\u00ed zhotoven\u00e9ho d\u00edla. Firma poskytuje ve stavebnictv\u00ed kompletn\u00ed slu\u017eby. Zab\u00fdv\u00e1me se v\u00fdstavbou rodinn\u00fdch dom\u016f na kl\u00ed\u010d. Prov\u00e1d\u00edme kompletn\u00ed rekonstrukce koupelen, kuchyn\u00ed a bytov\u00fdch jednotek. Pot\u0159ebujete na sv\u00e9 zahrad\u011b vybudovat odpo\u010dinkov\u00fd koutek v podob\u011b pergoly?\u00a0 Navrhneme V\u00e1m \u0159e\u0161en\u00ed a po vz\u00e1jemn\u00e9 dohod\u011b zrealizujeme projekt dle p\u0159\u00e1n\u00ed. Firma p\u016fsob\u00ed po cel\u00e9 \u010cesk\u00e9 republice.<br \/>\n<\/span><\/h5>\n<p><img loading=\"lazy\" decoding=\"async\" class=\" wp-image-154 alignright\" src=\"https:\/\/www.stavbyfrolda.cz\/wp-content\/uploads\/2017\/02\/venkovsky-dum-velky.png\" alt=\"\" width=\"445\" height=\"341\" \/><\/p>\n","protected":false},"excerpt":{"rendered":"<p>Na\u0161e firma byla zalo\u017eena v roce 2006. Loni oslavila 10 let na trhu v oboru stavebnictv\u00ed. Na\u0161\u00edm c\u00edlem je p\u0159edev\u0161\u00edm spokojen\u00fd z\u00e1kazn\u00edk. Od prvotn\u00edho jedn\u00e1n\u00ed a\u017e po p\u0159ed\u00e1n\u00ed zhotoven\u00e9ho d\u00edla. Firma poskytuje<a class=\"moretag\" href=\"https:\/\/www.stavbyfrolda.cz\/?page_id=29\">Read More&#8230;<\/a><\/p>\n","protected":false},"author":1,"featured_media":0,"parent":0,"menu_order":0,"comment_status":"closed","ping_status":"closed","template":"","meta":{"footnotes":""},"class_list":["post-29","page","type-page","status-publish","hentry"],"_links":{"self":[{"href":"https:\/\/www.stavbyfrolda.cz\/index.php?rest_route=\/wp\/v2\/pages\/29","targetHints":{"allow":["GET"]}}],"collection":[{"href":"https:\/\/www.stavbyfrolda.cz\/index.php?rest_route=\/wp\/v2\/pages"}],"about":[{"href":"https:\/\/www.stavbyfrolda.cz\/index.php?rest_route=\/wp\/v2\/types\/page"}],"author":[{"embeddable":true,"href":"https:\/\/www.stavbyfrolda.cz\/index.php?rest_route=\/wp\/v2\/users\/1"}],"replies":[{"embeddable":true,"href":"https:\/\/www.stavbyfrolda.cz\/index.php?rest_route=%2Fwp%2Fv2%2Fcomments&post=29"}],"version-history":[{"count":36,"href":"https:\/\/www.stavbyfrolda.cz\/index.php?rest_route=\/wp\/v2\/pages\/29\/revisions"}],"predecessor-version":[{"id":341,"href":"https:\/\/www.stavbyfrolda.cz\/index.php?rest_route=\/wp\/v2\/pages\/29\/revisions\/341"}],"wp:attachment":[{"href":"https:\/\/www.stavbyfrolda.cz\/index.php?rest_route=%2Fwp%2Fv2%2Fmedia&parent=29"}],"curies":[{"name":"wp","href":"https:\/\/api.w.org\/{rel}","templated":true}]}}